be k(u). What is the highest common divisor of p and 518?
14
Suppose 0 = o - 3*f - 1 + 13, 5*o + 60 = 4*f. Let d be -330*(52/o - -4). What is the greatest common divisor of 165 and d?
55
Suppose 6*l + 13*l - 45863 = 27781. What is the greatest common divisor of l and 272?
68
Let x(f) = -f**3 + 24*f**2 - 24*f + 24. Let r be x(23). Let m(g) = -10*g + 18. Let o be m(r). What is the highest common factor of o and 8?
8
Let t = 4128 - 4096. Calculate the highest common divisor of 1208 and t.
8
Let u(i) = -i**3 - i**2 - 3*i - 3. Let v be u(-1). Suppose 91 = 7*n - v*n. Calculate the greatest common factor of n and 325.
13
Suppose -i - 3 = 0, 0 = -3*p - 2*i + 5*i + 279. Calculate the greatest common divisor of 48 and p.
6
Let r(a) = -a**2 + 4*a + 5. Let g be r(0). Let l(i) = 2 + i - 7 + 3*i**2 + 4*i + i. Let j be l(g). What is the highest common factor of 40 and j?
20
Let k = -38717 - -38807. What is the highest common divisor of 2570 and k?
10
Let m be 19/10 + (-6)/(-60). Suppose -m*h + 3*p + 2 = 2*p, p = -h + 7. Let l be 26/h*((-10)/4 - -4). What is the highest common factor of 91 and l?
13
Let a(l) = 77*l**2 - 55*l - 55. Let w be a(-1). Calculate the highest common factor of 182 and w.
7
Suppose 7*g - 714 - 553 = 0. Let b = g - 161. Calculate the highest common divisor of b and 200.
20
Let l = 21818 - 16112. What is the highest common divisor of l and 36?
18
Let h(a) = -144*a - 1359. Let x be h(-62). Calculate the greatest common factor of x and 9.
9
Let h = 210 - 207. Let a(t) = 3*t**2 + 8*t - 9. Let f be a(h). What is the highest common factor of f and 147?
21
Let l be (707/5)/(46/230). Calculate the greatest common divisor of l and 808.
101
Let x = 307 - 471. Let g = x - -222. What is the greatest common factor of 174 and g?
58
Let r be 2156 + -126 - (-4 - -28). Calculate the greatest common divisor of 590 and r.
118
Suppose 3*r + 1655 = 5*f, f - r - 109 = 224. Let x = f + -308. Calculate the greatest common divisor of x and 70.
10
Suppose -13*x - 598 = -8190. Let z = 358 - 350. What is the highest common factor of z and x?
8
Let t be (-2 + 1)/(4/(-24)). Let c(h) = -h**2 + 2*h. Let x be c(-3). Let v be -2 + 1 + (-195)/x. Calculate the greatest common factor of v and t.
6
Let n(w) = -w**3 - 2*w**2 + 2*w - 3. Let u = 46 + -49. Let j be n(u). Let o(k) = -k + 12. Let i be o(j). Calculate the highest common divisor of i and 120.
12
Let g be 3 + 42/(-15) - ((-1513872)/90 + -20). What is the greatest common divisor of g and 22?
11
Let m(y) = -662*y - 1765. Let v be m(-7). Calculate the highest common factor of 453 and v.
151
Let q = -698314 - -698755. Suppose 3*v = 4*c - 14 + 56, -39 = -3*v + 5*c. What is the highest common divisor of q and v?
9
Let m be (-10)/6 - -2 - (-31697)/609*14. What is the greatest common factor of 1053 and m?
81
Suppose 138*a = 140*a - 60. Let u = 657 - 591. Calculate the greatest common factor of a and u.
6
Suppose 0 = 17*c - 33072 - 4464. Calculate the highest common divisor of 644 and c.
92
Suppose -21*r = -41*r - 34*r + 2916. Calculate the highest common divisor of 8154 and r.
54
Let f = -140 + 139. Let h be ((-38)/(-95))/((-9)/10 - f). Suppose 3*v = -v + h*r + 104, 20 = -5*r. What is the highest common factor of v and 55?
11
Let f(c) be the second derivative of c**3/2 - 12*c**2 + 6*c. Let i be f(12). Let q be (-415)/(-15) - (-4)/i. What is the highest common factor of 224 and q?
28
Suppose 1359 = -10*g - 721. Let o = g + 215. What is the greatest common divisor of o and 217?
7
Let x = 136 - 81. Let v = -28 + x. Suppose v*a = 16*a + 33. Calculate the highest common factor of 3 and a.
3
Let x(g) = -g**3 + 9*g**2 - 5*g - 8. Let m be x(7). Let w = m + -53. Suppose t - 20 = -3*t. Calculate the highest common factor of t and w.
1
Let n(z) = -2*z - 43. Let j be n(-22). Let o = 6 - -7. Calculate the greatest common divisor of o and j.
1
Let r(o) = -2*o**3 - 4*o**2 - 8*o - 13. Let p be r(-2). Let w be ((-10)/((-180)/(-27)))/(p/(-112)). What is the greatest common divisor of w and 84?
28
Suppose -30*a + 208 = 4*o - 32*a, 263 = 5*o - a. Calculate the highest common factor of o and 477.
53
Let j(k) = -k**3 + 37*k**2 + 64*k + 152. Let g be j(38). What is the highest common divisor of g and 19?
19
Let g be 13082/6 - (-5 - (-128)/24). What is the highest common divisor of g and 4?
4
Let q be -3 - (-53 + -2 + 3 + 180/45). What is the highest common factor of q and 2439?
9
Let r = 190 + -86. What is the greatest common factor of 1898 and r?
26
Let r = 197 + -195. Suppose -x - r*x = z - 255, x - 1317 = -5*z. Calculate the highest common factor of z and 11.
11
Let f(r) be the second derivative of -r**5/5 + r**4/3 - 5*r**3/6 - 3*r**2/2 + 3*r - 5. Let v be f(-3). What is the greatest common divisor of 39 and v?
39
Let t be -1 + 2*2/(-1). Let a(u) = 50*u + 14. Let g(y) = 33*y + 9. Let p(c) = t*a(c) + 7*g(c). Let k be p(-3). What is the highest common factor of k and 125?
25
Let j(f) = 80*f - 236. Let r be j(3). Suppose -3*u = -2*h + 265, 5*h - 693 = -2*u - 59. What is the greatest common divisor of h and r?
4
Suppose 5*r = 20, 2*l + 3*r - 128 = -2*l. Let h = l + -19. What is the highest common divisor of 310 and h?
10
Let j(b) = -13*b**3 - 19*b**2 + 127*b + 1093. Let l be j(-8). What is the highest common factor of 9 and l?
9
Let q(d) = -d**3 + 5*d**2 - 3*d - 2. Let y be q(2). Suppose 2*r + 4 = -o, 30 - 10 = o - y*r. Calculate the highest common divisor of o and 58.
2
Let d be 15 + (2 - (-7)/(-7)). Let p be (-42 + 17)*d/(-10). Calculate the greatest common divisor of 64 and p.
8
Let n be (4008/12)/(3 - 1). Let t = -11 + n. Calculate the highest common divisor of 104 and t.
52
Let j be 13/(728/376648) + (-1)/(-7). What is the greatest common divisor of j and 12?
6
Suppose 2*q - 574 = 2*v, 4*q - 22*v + 24*v = 1106. What is the greatest common factor of 60 and q?
20
Suppose 0 = 151*v - 148*v - 4*x - 348, 0 = -5*v + 5*x + 585. What is the greatest common divisor of 60 and v?
60
Let o be (6/(-10) + 104/(-260))/((-1)/304). Calculate the highest common divisor of o and 285.
19
Let f be (-229)/5 + 4/5. Let i = -41 - f. Suppose 10 = -n - 4*p, -3*p = i*n - p - 2. What is the highest common divisor of 6 and n?
2
Let l(j) = -2*j**3 - 5*j**2 - 6*j - 3. Let c be l(-4). Let a = 217 - 182. Suppose 29*h - 1369 = -a. What is the highest common factor of c and h?
23
Let u be (-6)/15 + 31230/75 + -10. Calculate the highest common factor of u and 58.
58
Suppose u - 6*u = 3*f - 13, -f = 5*u - 21. Let n(b) = -b**2 - 15*b + 65. Let y be n(-18). Let l = y - f. Calculate the greatest common divisor of l and 75.
15
Let o be (-26)/546*-14 + 394/3. Calculate the greatest common divisor of o and 198.
66
Suppose -4*m + 2*r = -26, -5*r - 22 = -3*m - r. Let j = -46 - -48. Suppose -3*z = -11 + 8, -j*v - 4*z = -46. Calculate the greatest common factor of v and m.
3
Suppose 19*z - 37 = 609. Let n = -1030 - -1472. Calculate the highest common factor of z and n.
34
Let z = 5003 - 4187. What is the highest common factor of z and 48?
48
Suppose -3*l + 20 = 3*x - 13, 4*x - 8 = 0. Suppose 2*s = 3*s - 34. Suppose 142 - s = 3*r. What is the greatest common factor of l and r?
9
Suppose -18*o - 3332 = -1316. Let b be (-447)/(-4) - 28/o. Calculate the highest common factor of b and 28.
28
Suppose -3740 = 121*x - 22132. What is the highest common factor of x and 152?
152
Suppose -4*n = -5*z - 43, 4*z = -2*n + 32 - 4. Let c be (-15)/1*(7/3 - 1). Let s be (-1012)/c - (n/(-5) + 2). What is the greatest common factor of s and 17?
17
Suppose -w = 5*x - 6048, -w - 28*x + 6102 = -32*x. What is the highest common factor of w and 18?
6
Let w(p) = -p + 20. Let n be w(6). Suppose -222 = -26*z - n. Calculate the greatest common divisor of 26 and z.
2
Let z be (66/(-8))/((-3)/72). Suppose 12*d = 6*d - 4*d. Let u be (18 + (-2)/(-10)*d)*1. Calculate the highest common factor of u and z.
18
Let i be (-1 + 12)*(9576/14)/18. What is the greatest common divisor of i and 1976?
38
Suppose 1425 = -86*a + 181*a. What is the greatest common divisor of 81 and a?
3
Suppose -i + 24 = 4*t + 3*i, i = 4*t - 14. Suppose -t*s + 17 + 3 = 0. Suppose -s*q + 1 + 239 = 0. Calculate the highest common divisor of 6 and q.
6
Let j(s) = -2*s**3 - 3*s**2 - 11*s - 17. Suppose q = 11 - 10, q = -3*t - 5. Let v be j(t). Calculate t